 346721891 composite?
True
Is 127094777 composite?
False
Is 117397097 composite?
True
Is 217772263 a prime number?
False
Is 554904511 composite?
True
Is 126144514889 a composite number?
False
Is 47685644894 prime?
False
Is 89133019 a composite number?
False
Is 2327665061 prime?
True
Is 20156449 composite?
True
Is 7966498363 prime?
True
Is 98344982287 prime?
True
Is 4321437583 a composite number?
False
Is 2095241497 composite?
False
Is 1881493043 composite?
True
Is 56243045761 composite?
True
Is 6339533797 prime?
False
Is 91092010717 a prime number?
False
Is 1190109787 composite?
False
Is 1956774541 a prime number?
True
Is 881825941 a composite number?
False
Is 834872867 a composite number?
False
Is 6839311301 a composite number?
False
Is 3459601729 a composite number?
True
Is 2345746933 a composite number?
False
Is 482613779081 a composite number?
True
Is 10254534139 a prime number?
True
Is 85984341517 prime?
True
Is 2774840209 a prime number?
True
Is 3469615483 a prime number?
True
Is 6073955599 prime?
False
Is 463195093 prime?
True
Is 1292879531 a composite number?
False
Is 84748406351 a composite number?
True
Is 1243789886897 prime?
True
Is 3684413567 prime?
False
Is 1292143537 a composite number?
False
Is 893788879 a composite number?
True
Is 6989500891 prime?
True
Is 579006317 a composite number?
False
Is 1699606099 a prime number?
True
Is 613982741 composite?
False
Is 696309379 composite?
True
Is 29991691 a prime number?
True
Is 284477267 prime?
False
Is 2505778039 composite?
False
Is 36513876419 prime?
True
Is 103334689 composite?
False
Is 23362975693 prime?
False
Is 723713159 a composite number?
True
Is 561947377 a prime number?
False
Is 2533374127 composite?
True
Is 618337189 a composite number?
True
Is 34508025611 composite?
True
Is 1840346537 a prime number?
True
Is 1683766537 composite?
False
Is 350890469 a prime number?
True
Is 10311391681 prime?
False
Is 140189669 a composite number?
True
Is 25958460439 a composite number?
False
Is 1047186227 composite?
True
Is 32117671 composite?
False
Is 85127519027 composite?
False
Is 26724873397 a composite number?
False
Is 402939692581 composite?
False
Is 1143444271 a composite number?
True
Is 283964587 a prime number?
True
Is 1283106587 a prime number?
False
Is 27654722047 composite?
False
Is 607323557 a prime number?
False
Is 50661094801 a prime number?
True
Is 10441936397 a composite number?
True
Is 3344937439 composite?
False
Is 1822364345 prime?
False
Is 1137193887 a composite number?
True
Is 47896637147 prime?
True
Is 2474213407 a composite number?
False
Is 389787929 a prime number?
True
Is 90666638221 a composite number?
True
Is 969227585 a composite number?
True
Is 199848233 a prime number?
False
Is 50247397427 a composite number?
True
Is 96201169 prime?
False
Is 144156217 prime?
True
Is 63799987 composite?
False
Is 661275763 composite?
False
Is 1187968827 composite?
True
Is 4600977047 prime?
False
Is 31321144109 a prime number?
True
Is 16478745377 prime?
True
Is 550352197 a composite number?
False
Is 89065853 a prime number?
False
Is 9985517977 a prime number?
False
Is 2743703357 composite?
True
Is 152349037157 prime?
True
Is 1274207867 a prime number?
True
Is 55414746085 prime?
False
Is 5025233219 composite?
False
Is 15122125597 a composite number?
True
Is 321721639463 a composite number?
True
Is 735313441 prime?
False
Is 460304423 composite?
False
Is 80979337 a composite number?
True
Is 5671234823 composite?
False
Is 5061682523 composite?
False
Is 7147529407 a prime number?
True
Is 5384147311 a prime number?
True
Is 1533229323 composite?
True
Is 682475257 prime?
True
Is 227553372901 a prime number?
True
Is 1765976857 a composite number?
False
Is 15798779947 prime?
False
Is 899252477 prime?
False
Is 3872459135 a prime number?
False
Is 4087885759 a composite number?
True
Is 80285327819 a composite number?
False
Is 2206646347 prime?
True
Is 284056932521 a prime number?
True
Is 4671111197 composite?
False
Is 291944041 a composite number?
False
Is 1631130869 a prime number?
False
Is 49510801979 prime?
True
Is 83243443 a prime number?
False
Is 3777501731 composite?
False
Is 35816312794 composite?
True
Is 9228300863 a composite number?
True
Is 16458773489 prime?
False
Is 14313615479 composite?
False
Is 22507035391 a composite number?
True
Is 40999247461 a prime number?
True
Is 2453490187 a composite number?
False
Is 100053691 a composite number?
False
Is 18241102183 composite?
False
Is 295738523 a composite number?
True
Is 203334149 prime?
True
Is 68304091073 composite?
False
Is 610447963 a composite number?
True
Is 144193453 a prime number?
True
Is 507679987 a composite number?
False
Is 86920937 a prime number?
False
Is 1437328279 a composite number?
False
Is 1837543711 a prime number?
True
Is 31976818201 a composite number?
True
Is 787543829 composite?
False
Is 7404102269 a composite number?
True
Is 121531850657 composite?
True
Is 12987935381 a composite number?
False
Is 1950932251 prime?
True
Is 252701893 a prime number?
True
Is 51805852873 prime?
True
Is 4945586693 a composite number?
True
Is 256710709 a composite number?
False
Is 2167987609 a composite number?
True
Is 816030491 composite?
True
Is 3862337737 a prime number?
True
Is 485467643 a prime number?
True
Is 124322531 prime?
True
Is 20650994123 a prime number?
True
Is 453053089 a prime number?
True
Is 44667775109 prime?
True
Is 221960647 composite?
False
Is 443533469 a composite number?
False
Is 1514402777 a composite number?
True
Is 68656922587 prime?
False
Is 8983443587 a composite number?
True
Is 283186294093 a composite number?
True
Is 131339197321 a prime number?
True
Is 221306317 composite?
True
Is 33704906047 a composite number?
True
Is 162120239 a prime number?
True
Is 3037172189 composite?
False
Is 33668371001 prime?
False
Is 15184692491 a prime number?
False
Is 55738488263 composite?
False
Is 48781971841 prime?
True
Is 174965353721 prime?
False
Is 694448999 prime?
False
Is 911233249 composite?
True
Is 81657253871 a composite number?
False
Is 692742511 a composite number?
True
Is 9211523801 a prime number?
True
Is 2640965137 a prime number?
False
Is 976099427 composite?
True
Is 9153820793 composite?
True
Is 124408435423 a prime number?
True
Is 5944143683 prime?
False
Is 1325172227 composite?
False
Is 702789722 composite?
True
Is 247701133 composite?
True
Is 322208827 a composite number?
True
Is 1894227107 a composite number?
True
Is 350458049 prime?
True
Is 792564683 composite?
True
Is 2705998187 a prime number?
True
Is 1096954069 a composite number?
False
Is 6483747971 a composite number?
False
Is 2723433071 composite?
False
Is 8048315237 composite?
False
Is 60231397 prime?
True
Is 24723516677 composite?
False
Is 1268053201 a prime number?
True
Is 50262314863 composite?
True
Is 777601894537 a prime number?
False
Is 21046980709 a composite number?
True
Is 68763563401 prime?
False
Is 49746157 composite?
False
Is 57894587 composite?
True
Is 5319086347 a prime number?
False
Is 25135574531 prime?
True
Is 4633816651 prime?
False
Is 323642749 a composite number?
True
Is 54701031107 a prime number?
True
Is 10851323471 a prime number?
False
Is 48189977687 composite?
True
Is 7035822581 composite?
False
Is 515516233 a composite number?
False
Is 570205957 composite?
False
Is 11908282073 a prime number?
False
Is 454299401 a prime number?
True
Is 9657403655 a composite number?
True
Is 4147515283 a composite number?
False
Is 13719350257 a composite number?
False
Is 882011257 composite?
False
Is 1555707113 a composite number?
False
Is 2911200431 a composite number?
True
Is 207169229 a prime number?
False
Is 10646187653 a composite number?
False
Is 336608999 composite?
False
Is 4036448371 a prime number?
False
Is 345936739 composite?
True
Is 1337623015 a prime number?
False
Is 760657091 a prime number?
False
Is 13100666753 a composite number?
False
Is 62180054429 a prime number?
False
Is 14483217101 composite?
False
Is 1146610589 a prime number?
True
Is 47581938709 a composite number?
False
Is 245402671 a prime number?
False
Is 5717235731 a composite number?
False
Is 19144681663 prime?
True
Is 6727628599 composite?
True
Is 1161928627 prime?
False
Is 984807347 a prime number?
False
Is 1608088189 prime?
False
Is 1685872781 a prime